94/10?
9
Let u be (-10)/15*42/(-4). Let m = -2 + u. Suppose -m*l = -0*l - 25. What is the units digit of l?
5
Let f(t) = t**3 - 8*t**2 + 4*t - 1. What is the units digit of f(8)?
1
Suppose -2*a + 6 = -2*o, a = -a + 5*o + 3. Suppose -z - 4*q = q - 4, 111 = a*z + q. What is the units digit of z?
9
What is the tens digit of (2 + 0 - (2 - 1))*13?
1
Suppose -2*h + 6*h = -8. What is the tens digit of (-19)/(-2) + (-1)/h?
1
Let h(y) be the second derivative of 35*y**4/12 + y**3/3 - y**2/2 - 3*y. What is the units digit of h(1)?
6
Let s = -100 + 212. What is the hundreds digit of s?
1
What is the tens digit of (-98)/(-7) - (2 - 0)?
1
Suppose 2*q = -2*q + 20. Suppose -28 = 5*m - 128. Suppose -y + q*y = m. What is the units digit of y?
5
Let z(r) = -7*r**2 - 3*r - 14. Let k(o) = 13*o**2 + 7*o + 27. Let d(f) = 6*k(f) + 11*z(f). Let l be d(-8). What is the tens digit of l + 6*(-24)/(-9)?
1
Suppose 0 = 4*s - 20, -3*x + 1 + 3 = -s. Suppose x*g - 16 = -g. What is the units digit of g?
4
Let c = -53 - -70. What is the tens digit of c?
1
Let r be 3/6*1*-2. What is the units digit of (0 + r)/(3/(-69))?
3
Let q = 11 - 7. Suppose -q*u + 4 = 5*s - s, -s = 2. Suppose 3*h + 9*d - 4*d - 53 = 0, u = 3*d. What is the units digit of h?
6
Let j(w) = -w**3 + 3*w**2 + 3*w + 2. Let g be j(4). What is the units digit of (-17 - g)*(-3)/9?
5
Let g(k) = 4*k - 2. Let i be g(-3). Let b be 10/15 + i/(-6). Suppose 0*q = -2*q - b*t + 22, -2*t - 42 = -2*q. What is the units digit of q?
7
Let m(o) = -o**2 + 6*o + 2. Let y be m(6). Suppose -h - 7 = -i, -3*h + y*h - 15 = -2*i. Let g = 20 - i. What is the tens digit of g?
1
Let a(f) be the first derivative of f**2/2 + 10*f - 2. Suppose u = 5*u. What is the units digit of a(u)?
0
Let p(z) = -z**2 + 7*z - 6. Let w be p(5). Let f(l) = l**2 - 3*l + 1. What is the units digit of f(w)?
5
Let m(y) = -5 + 0*y**2 + 12*y + 0*y - 4*y + y**2. Suppose -4*d = 3*j + 27, 19 = -3*j + 3*d - 8. What is the units digit of m(j)?
4
Suppose 2*y - 30 = -0*y. Suppose 3*k = 3*o - 21, k - 2*k = -4*o + 22. Suppose -o = -5*d + y. What is the units digit of d?
4
Suppose -5*r = -2*r - 30. What is the units digit of r?
0
Suppose -2*v - 14 = -32. What is the units digit of v?
9
Suppose -8 - 7 = 5*l. Let f = -4 - l. What is the units digit of (10 - 2) + (1 - f)?
0
What is the hundreds digit of 60/(-40) + (-255)/(-2)?
1
Suppose 5*f - f + 44 = 0. Let r = f + 25. What is the tens digit of r?
1
What is the units digit of -7 + 7 + (-1 - -113 - 0)?
2
Suppose -i - 4*i = -5. What is the units digit of -4*i/((-1)/6)?
4
Let c(l) = -22*l - 20. What is the units digit of c(-2)?
4
Suppose -4*v + 2*v - 6 = 0. Let h be (-3)/(-1)*(-3)/v. Suppose -d + 6*d + h*x - 69 = 0, -5*d + 73 = x. What is the tens digit of d?
1
Let q(s) = 2*s**2 + 21*s + 5. What is the hundreds digit of q(-15)?
1
Let h = -6 - -10. Suppose -2 = -2*i + h. What is the units digit of i?
3
Suppose 0 = 5*k + 13 - 143. What is the units digit of k?
6
Let h(i) = 7*i**2 + 4*i + 2. Let p(f) = -2*f**2. Let n be p(1). What is the units digit of h(n)?
2
Let l(g) = -g + 1. Let h be l(-2). Suppose h*v + 1 = 2*v. Let n = 5 + v. What is the units digit of n?
4
Let u(g) = -g + 20. What is the units digit of u(-17)?
7
Let f(l) = -4*l**3 + 3*l**2 + l - 1. What is the units digit of f(-1)?
5
What is the tens digit of (-3 - -2)/((-217)/(-109) - 2)?
0
Let p = -12 - -8. Let z(j) = -8*j + 5. What is the tens digit of z(p)?
3
Let g be 2 + (-1 - (3 - -2)). Let x = g - -4. What is the units digit of (x - 1 - -10) + -2?
7
Let g(b) = b**3 + b + 6. Let v be g(0). Let m be 4/(-5)*(-15)/v. Suppose t = 4*s + m, -3*t + 5*t - 2*s - 10 = 0. What is the units digit of t?
6
Let f be (-1)/(-4) + 75/(-12). Let z = f - -9. What is the units digit of z?
3
Suppose 3*a - 5*t - 162 = 0, 5*t = 3*t. Suppose 8*j = 5*j + a. What is the units digit of j?
8
Suppose -3*z + 0*z + 75 = 0. What is the units digit of z?
5
Suppose 4*r - 26 = -158. Let o = r + 50. What is the tens digit of o?
1
Let y(w) = -w**3 + 8*w**2 - 6*w - 7. Let v be y(7). Let o = v + 6. Suppose -2*k - 7 = -5*f + 1, -5*f + o = -4*k. What is the units digit of f?
2
Let l(r) = -r**2 + 5*r + 2. Let a be l(5). Suppose -2*d - 4*w + 18 = 0, -a*w - 35 = -3*d - 0*w. What is the tens digit of d?
1
Suppose -10 = 4*w + 26. Let g be 3*(-1)/3*1. What is the units digit of (w - 0/2)/g?
9
Let z(o) = -o**3 + 4*o**2 + 7*o - 7. Let m be z(5). Let f(d) = d**2 - 2*d - 1. Let r be f(-1). Suppose -m = r*t - 7. What is the units digit of t?
2
Let b be (-99)/(-5) + (-2)/(-10). Suppose 2*r + 3*r = b. What is the units digit of r?
4
Let t(p) = 2*p - 2. Let i be t(9). What is the tens digit of ((-4)/i)/(1/(-92))?
2
Suppose -78*f + 76*f = -112. What is the units digit of f?
6
Suppose 11*w + 144 = 12*w. What is the tens digit of w?
4
Let d be (-2)/4*2 - -1. Suppose 0 = -i - d*i + 8. Suppose -k = 1 - i. What is the units digit of k?
7
Let c(r) = 3*r - 17. Let i(q) = -4*q + 30. Let b(m) = -4*m + 29. Let t(y) = -5*b(y) + 4*i(y). Let d(u) = 7*c(u) - 5*t(u). What is the units digit of d(-4)?
2
Suppose -4 = -0*q - 2*q. Suppose 2*b = b + 2*r + 12, 4*b - 38 = -q*r. What is the units digit of b?
0
What is the tens digit of (-782)/(-10) + 48/60?
7
Let r = -43 - -102. What is the units digit of r?
9
Let v(o) = o - 9. Let n be v(14). Suppose 2*q = -n*h - 0*q + 117, 44 = 2*h - 2*q. What is the units digit of h?
3
Let a(u) = 5*u + 1. Let f be a(6). Suppose -f = -2*q - 1. What is the tens digit of q?
1
Suppose 5*j - 72 - 103 = -5*k, 4*j = -4. What is the units digit of k?
6
Suppose -u - 2*u = -606. What is the units digit of u?
2
Suppose -p + 3 = 4. What is the tens digit of (38 - 6) + 0/p?
3
Suppose 2*d - 57 = -3*u, 4*d + 11 + 28 = 3*u. What is the units digit of u?
7
Suppose 0 = 13*r - 1895 - 1589. What is the units digit of r?
8
Suppose -s + 2 = 5*w, -3*s - 3*w + 7 = 1. Suppose 2*m - s*a + 6 = 3*m, -3*m - 3*a = -9. Suppose m = 4*z - 11 - 1. What is the units digit of z?
3
Let q(u) = -11*u**3 + u**2 - 1. Let t = 5 + -6. What is the units digit of q(t)?
1
Let o(c) = -c**2 - 11*c - 8. Let u be o(-9). Suppose u = p - 6*p. What is the units digit of p*((-9)/6 - 1)?
5
Suppose 0 = 3*g - o - 43, 5*g + 6*o = o + 105. Suppose -4*v - g + 56 = 0. What is the units digit of v?
0
Let b(r) = 14*r**2 - r - 7. What is the hundreds digit of b(-3)?
1
Suppose 3*g + 12 = 4*g. What is the tens digit of g?
1
Let f = 4 - 0. Suppose 171 = 4*v + 23. Suppose 4*a = 5*t + v, 18 + 18 = 4*a - f*t. What is the units digit of a?
8
Suppose -5*x = -2 - 8. Let t(a) = -3*a + 3. Let c be t(-4). Suppose 0 = -x*h + 5*h - c. What is the units digit of h?
5
Let r = 60 + -38. What is the tens digit of r?
2
What is the units digit of (-34 - 5)*(0 + -1)?
9
Let o(z) be the third derivative of z**4/24 + 13*z**3/3 + z**2. Let n be o(0). Suppose -n = -4*f + 14. What is the tens digit of f?
1
Let a(i) = -i**3 + 10*i**2 - 8*i + 12. Suppose 0 = 5*t + v - 30 - 16, 2*t - 21 = -3*v. What is the tens digit of a(t)?
2
Let g be -2 + (-4 - -3)*1. Let u be 2/(1 + g)*0. Suppose u*h + 5*h - 80 = 0. What is the tens digit of h?
1
Suppose 3*a = 12, 0*y - 2 = 2*y - 5*a. Let i be 14/3 - 2/3. What is the units digit of 6/i*6/y?
1
What is the tens digit of -3 + (-3)/6*-46?
2
Let v(d) be the third derivative of -d**4/24 + d**3/2 + 4*d**2. Let t be v(3). What is the units digit of (-3 + t)*1 + 9?
6
Suppose 5*f - 4*r - 10 = 0, 3*f + 0*f - 3*r = 6. Suppose 3*k - 3 = -4*d + 9, 0 = 4*k + f*d - 16. What is the units digit of k?
4
Let d(y) = y + y - 4 - 3. What is the units digit of d(6)?
5
Let o = 6 - -11. Let y(b) = 7*b - 3. Let v be y(4). Let u = v - o. What is the units digit of u?
8
Let l(c) = -c**2 + 10*c + 2. Suppose 0 = -5*v + 38 - 8. What is the units digit of l(v)?
6
Let a(f) = -f**2 + 8*f - 4. Let v be a(4). Suppose -3*i - i = 5*z - 41, 3*i - v = 0. Suppose -t + z = 3. What is the units digit of t?
2
Let a = -76 - -148. Let c be a/30*(0 + 15). Suppose -2*f + 0*f + c = 0. What is the units digit of f?
8
Let b(v) = -2*v - 58. Let m be b(0). Let u = 101 + m. What is the tens digit of u?
4
Let m(b) = -b**2 + 12*b + 6. What is the units digit of m(10)?
6
Suppose v - 2*v + 5 = 0. Suppose v*y = 3*y - 8. Let n = y + 6. What is the units digit of n?
2
Suppose 0*o = -5*b - o + 76, 2*b - 3*o = 27. What is the t